{"id":155,"date":"2023-03-25T12:46:49","date_gmt":"2023-03-25T12:46:49","guid":{"rendered":"https:\/\/koirapuoti.com\/puoti\/?post_type=product&#038;p=155"},"modified":"2024-09-09T05:30:06","modified_gmt":"2024-09-09T05:30:06","slug":"pihavahti-koiralle-d-fence-101","status":"publish","type":"product","link":"https:\/\/www.koirapuoti.com\/puoti\/kauppa\/pihavahti-koiralle-d-fence-101\/","title":{"rendered":"Pihavahti koiralle d-fence 101"},"content":{"rendered":"<p>Miten pihavahti toimii, siit\u00e4 voi lukea alempaa.<\/p>\n<p><strong>Tuotteen ostaneiden kommentteja l\u00f6yd\u00e4t\u00a0<span style=\"text-decoration: underline;\"><a href=\"https:\/\/www.koirapuoti.com\/puoti\/palautetta-asiakkailta\/\">t\u00e4st\u00e4.<\/a><\/span><\/strong><\/p>\n<p>8 eri korjausimpulssitason kaulapannan ansiosta t\u00e4m\u00e4 pihavahti sopii sek\u00e4 isolle, vaikeasti tottelevalle ett\u00e4 my\u00f6s pienelle koiralle.<\/p>\n<p>Varoitusalueen ja korjausimpulssialueen leveys on mahdollista s\u00e4\u00e4t\u00e4\u00e4 erikseen. Koiran ei ole mahdollista kuluttaa paristoa tyhj\u00e4ksi istumalla varoitusalueella.<\/p>\n<p>N\u00e4m\u00e4 ominaisuudet ovat Dogtrace-pihavahdin edut muiden valmistajien tuotteisiin n\u00e4hden.<\/p>\n<p>Suurin mahdollinen rajattava alue on 90.000m<sup>2<\/sup>\u00a0(1200m johtoa).<\/p>\n<p>Kokonaisuuteen kuuluu:<\/p>\n<ul>\n<li>100m johtoa (0,75mm)<\/li>\n<li>Sis\u00e4tiloihin asennettava l\u00e4hetin<\/li>\n<li>Virta-adapteri<\/li>\n<li>Kevyt vesitiivis 8-asteinen kaulapanta paristoineen (litium-ioniparisto, kesto n. 6 kuukautta. Muiden valmistajien tuotteista eroten on paristoja saatavana kohtuuhintaan hyvin varustetuista liikkeist\u00e4).<\/li>\n<li>12 ja 17mm kontaktit kaulapantaan (riippuen koiran turkin paksuudesta)<\/li>\n<li>Testilamppu<\/li>\n<li>Magneetti korjausimpulssitasojen s\u00e4\u00e4t\u00f6\u00f6n<\/li>\n<li>Opetusvideo CD<\/li>\n<li>Perusteellinen k\u00e4ytt\u00f6ohje<\/li>\n<\/ul>\n<p>Koiralle sallitun liikkumisalueen rajaamisessa k\u00e4ytett\u00e4v\u00e4n johdon paksuus riippuu sen pituudesta.<\/p>\n<ul>\n<li>0,75mm:0- 400m \u00e4\u00e4riviivan osalta<\/li>\n<li>1mm: 0-600m \u00e4\u00e4riviivan osalta<\/li>\n<li>1,5mm:600-900m \u00e4\u00e4riviivan osalta<\/li>\n<li>2,5mm:900-1200m \u00e4\u00e4riviivan osalta<\/li>\n<\/ul>\n<p>Kyseess\u00e4 on tavallisesti kuparinen \u00a01-napainen asennusjohto, jonka l\u00f6yd\u00e4t luokasta\u00a0<span style=\"text-decoration: underline;\"><strong><a href=\"https:\/\/www.koirapuoti.com\/puoti\/tuote\/pihavahdin-tarvikkeet\/\">pihavahdin tarvikkeet<\/a><\/strong><\/span>. Halutessasi voit ostaa johdon my\u00f6s rakennustarvikeliikkeest\u00e4 tai s\u00e4hk\u00f6tarvikekauppiaalta. Alueen rajaamiseen k\u00e4y my\u00f6s kuparinen kuitujohto. Mallin d-fence 101 pakettiin kuuluu 100m 0,75mm:n johtoa.<\/p>\n<p>Pihavahdin on Tsekin tasavallassa tuottanut Euroopassa tunnettu valmistaja DOGtrace.<\/p>\n<p>&nbsp;<\/p>\n<h2>Pihavahti koiralle \u2013 miksi ja miten?<\/h2>\n<p>Pihavahti on apuv\u00e4line, jota k\u00e4ytet\u00e4\u00e4n koiran liikkumisen rajoittamiseen. T\u00e4ll\u00f6in ei ole tarvetta kytke\u00e4 lemmikki\u00e4 ketjuun tai rakentaa aitausta. Pihavahti on ihanteellinen v\u00e4line my\u00f6s esteiden alta kaivautuvien el\u00e4inten pit\u00e4miseen kotipihalla. J\u00e4rjestelm\u00e4n perusosat ovat radiol\u00e4hettimeen liitetty aluetta rajaava johto ja el\u00e4imen kaulapantaan kiinnitetty vastaanotin. Aluetta rajaavalla johdolla erotetaan lemmikille sallittu liikkumisalue. Alueen ulkoreunan \u00a0lis\u00e4ksi voi rajata my\u00f6s kaikkea sen sis\u00e4ll\u00e4 olevaa \u2013 kukkapenkit, altaat, koristepensaat jne. Liikkumisaluetta rajaava johto kiinnitet\u00e4\u00e4n olemassa olevaan aitaan tai kaivetaan maahan enint\u00e4\u00e4n 5cm syvyyteen. Suljetun \u00e4\u00e4riviivan muodostava johto liitet\u00e4\u00e4n radiol\u00e4hettimeen, joka aiheuttaa johdon l\u00e4heisyydess\u00e4 liev\u00e4n radiosignaalin, johon koiran kaulapantaan kiinnitetty vastaanotin reagoi. Kun koira l\u00e4hestyy kielletty\u00e4 aluetta, sille annetaan \u00e4\u00e4nisignaalilla viesti, ja edelleen liikkuessaan koira saa ep\u00e4miellytt\u00e4v\u00e4n korjausimpulssin (tavallisesti muutaman kerran koulutuksen alussa). Koira oppii reagoimaan \u00e4\u00e4nisignaaliin ja k\u00e4\u00e4ntyy\u00a0 sallitulle liikkumisalueelle takaisin.<\/p>\n<p>Pihavahdin k\u00e4ytt\u00f6\u00f6noton yhteydess\u00e4 on t\u00e4rke\u00e4\u00e4 opettaa koiraa kuten mukana seuraavassa k\u00e4ytt\u00f6ohjeessa on kuvattuna. Muussa tapauksessa pihavahti ei v\u00e4ltt\u00e4m\u00e4tt\u00e4 toimi niin tehokkaasti. Koiran kouluttamiseen\/opettamiseen tarvittava aika vaihtelee, sill\u00e4 jokaisen koiran oppimiskyky on erilainen. P\u00e4\u00e4osa koirista oppii tuntemaan rajansa noin viikon aikana.<\/p>\n<p>Foorumeista voi l\u00f6yt\u00e4\u00e4 k\u00e4ytt\u00e4ji\u00e4, jotka sanovat, ett\u00e4 heill\u00e4 pihavahti ei toimi. Suurella osalla tapauksista syyn\u00e4 on se, ett\u00e4 opetusosa on j\u00e4tetty kokonaan pois. Niinp\u00e4 on eritt\u00e4in t\u00e4rke\u00e4\u00e4, ett\u00e4 opetusprosessia ei j\u00e4tet\u00e4 huomiotta.<\/p>\n<p>Asennusvideo:<br \/>\n<iframe loading=\"lazy\" title=\"YouTube video player\" src=\"https:\/\/www.youtube.com\/embed\/0pL_5RpCAb4\" width=\"560\" height=\"315\" frameborder=\"0\" allowfullscreen=\"allowfullscreen\"><\/iframe><\/p>\n","protected":false},"excerpt":{"rendered":"<p>Sopii sek\u00e4 isoille ett\u00e4 my\u00f6s pienille koirille alkaen 4 kuukauden i\u00e4st\u00e4<\/p>\n<p>Vesitiivis 8-asteinen kaulapanta<\/p>\n<p>Johdon enimm\u00e4ispituus 1200m (90.000m<sup>2<\/sup>)<\/p>\n","protected":false},"featured_media":156,"template":"","meta":[],"product_cat":[15],"product_tag":[],"class_list":{"0":"post-155","1":"product","2":"type-product","3":"status-publish","4":"has-post-thumbnail","6":"product_cat-pihavahti-koiralle","8":"first","9":"instock","10":"sale","11":"featured","12":"taxable","13":"shipping-taxable","14":"purchasable","15":"product-type-simple"},"yoast_head":"<!-- This site is optimized with the Yoast SEO plugin v23.5 - https:\/\/yoast.com\/wordpress\/plugins\/seo\/ -->\n<title>Pihavahti koiralle d-fence 101 | Dogtrace<\/title>\n<meta name=\"description\" content=\"Hanki laadukas pihavahti, joka sopii sek\u00e4 isolle ett\u00e4 pienelle koiralle. Lue asiakkaittemme palautetta ja vakuutu tuotteen tehokkuudesta.\" \/>\n<meta name=\"robots\" content=\"index, follow, max-snippet:-1, max-image-preview:large, max-video-preview:-1\" \/>\n<link rel=\"canonical\" href=\"https:\/\/www.koirapuoti.com\/puoti\/kauppa\/pihavahti-koiralle-d-fence-101\/\" \/>\n<meta property=\"og:locale\" content=\"fi_FI\" \/>\n<meta property=\"og:type\" content=\"article\" \/>\n<meta property=\"og:title\" content=\"Pihavahti koiralle d-fence 101 | Dogtrace\" \/>\n<meta property=\"og:description\" content=\"Hanki laadukas pihavahti, joka sopii sek\u00e4 isolle ett\u00e4 pienelle koiralle. Lue asiakkaittemme palautetta ja vakuutu tuotteen tehokkuudesta.\" \/>\n<meta property=\"og:url\" content=\"https:\/\/www.koirapuoti.com\/puoti\/kauppa\/pihavahti-koiralle-d-fence-101\/\" \/>\n<meta property=\"og:site_name\" content=\"Koirapuoti.com\" \/>\n<meta property=\"article:modified_time\" content=\"2024-09-09T05:30:06+00:00\" \/>\n<meta property=\"og:image\" content=\"https:\/\/www.koirapuoti.com\/puoti\/wp-content\/uploads\/2023\/03\/Pihavahti-koiralle-d-fence-101.jpg\" \/>\n\t<meta property=\"og:image:width\" content=\"800\" \/>\n\t<meta property=\"og:image:height\" content=\"800\" \/>\n\t<meta property=\"og:image:type\" content=\"image\/jpeg\" \/>\n<meta name=\"twitter:card\" content=\"summary_large_image\" \/>\n<meta name=\"twitter:label1\" content=\"Arvioitu lukuaika\" \/>\n\t<meta name=\"twitter:data1\" content=\"3 minuuttia\" \/>\n<script type=\"application\/ld+json\" class=\"yoast-schema-graph\">{\"@context\":\"https:\/\/schema.org\",\"@graph\":[{\"@type\":\"WebPage\",\"@id\":\"https:\/\/www.koirapuoti.com\/puoti\/kauppa\/pihavahti-koiralle-d-fence-101\/\",\"url\":\"https:\/\/www.koirapuoti.com\/puoti\/kauppa\/pihavahti-koiralle-d-fence-101\/\",\"name\":\"Pihavahti koiralle d-fence 101 | Dogtrace\",\"isPartOf\":{\"@id\":\"https:\/\/www.koirapuoti.com\/puoti\/#website\"},\"primaryImageOfPage\":{\"@id\":\"https:\/\/www.koirapuoti.com\/puoti\/kauppa\/pihavahti-koiralle-d-fence-101\/#primaryimage\"},\"image\":{\"@id\":\"https:\/\/www.koirapuoti.com\/puoti\/kauppa\/pihavahti-koiralle-d-fence-101\/#primaryimage\"},\"thumbnailUrl\":\"https:\/\/www.koirapuoti.com\/puoti\/wp-content\/uploads\/2023\/03\/Pihavahti-koiralle-d-fence-101.jpg\",\"datePublished\":\"2023-03-25T12:46:49+00:00\",\"dateModified\":\"2024-09-09T05:30:06+00:00\",\"description\":\"Hanki laadukas pihavahti, joka sopii sek\u00e4 isolle ett\u00e4 pienelle koiralle. Lue asiakkaittemme palautetta ja vakuutu tuotteen tehokkuudesta.\",\"breadcrumb\":{\"@id\":\"https:\/\/www.koirapuoti.com\/puoti\/kauppa\/pihavahti-koiralle-d-fence-101\/#breadcrumb\"},\"inLanguage\":\"fi\",\"potentialAction\":[{\"@type\":\"ReadAction\",\"target\":[\"https:\/\/www.koirapuoti.com\/puoti\/kauppa\/pihavahti-koiralle-d-fence-101\/\"]}]},{\"@type\":\"ImageObject\",\"inLanguage\":\"fi\",\"@id\":\"https:\/\/www.koirapuoti.com\/puoti\/kauppa\/pihavahti-koiralle-d-fence-101\/#primaryimage\",\"url\":\"https:\/\/www.koirapuoti.com\/puoti\/wp-content\/uploads\/2023\/03\/Pihavahti-koiralle-d-fence-101.jpg\",\"contentUrl\":\"https:\/\/www.koirapuoti.com\/puoti\/wp-content\/uploads\/2023\/03\/Pihavahti-koiralle-d-fence-101.jpg\",\"width\":800,\"height\":800,\"caption\":\"Pihavahti koiralle d-fence 101\"},{\"@type\":\"BreadcrumbList\",\"@id\":\"https:\/\/www.koirapuoti.com\/puoti\/kauppa\/pihavahti-koiralle-d-fence-101\/#breadcrumb\",\"itemListElement\":[{\"@type\":\"ListItem\",\"position\":1,\"name\":\"Home\",\"item\":\"https:\/\/www.koirapuoti.com\/puoti\/\"},{\"@type\":\"ListItem\",\"position\":2,\"name\":\"Kauppa\",\"item\":\"https:\/\/www.koirapuoti.com\/puoti\/kauppa\/\"},{\"@type\":\"ListItem\",\"position\":3,\"name\":\"Pihavahti koiralle d-fence 101\"}]},{\"@type\":\"WebSite\",\"@id\":\"https:\/\/www.koirapuoti.com\/puoti\/#website\",\"url\":\"https:\/\/www.koirapuoti.com\/puoti\/\",\"name\":\"Koirapuoti.com\",\"description\":\"Koira gps pannat, pihavahdit, haukunestopannat, koulutuspannat\",\"publisher\":{\"@id\":\"https:\/\/www.koirapuoti.com\/puoti\/#organization\"},\"potentialAction\":[{\"@type\":\"SearchAction\",\"target\":{\"@type\":\"EntryPoint\",\"urlTemplate\":\"https:\/\/www.koirapuoti.com\/puoti\/?s={search_term_string}\"},\"query-input\":{\"@type\":\"PropertyValueSpecification\",\"valueRequired\":true,\"valueName\":\"search_term_string\"}}],\"inLanguage\":\"fi\"},{\"@type\":\"Organization\",\"@id\":\"https:\/\/www.koirapuoti.com\/puoti\/#organization\",\"name\":\"Koirapuoti.com\",\"url\":\"https:\/\/www.koirapuoti.com\/puoti\/\",\"logo\":{\"@type\":\"ImageObject\",\"inLanguage\":\"fi\",\"@id\":\"https:\/\/www.koirapuoti.com\/puoti\/#\/schema\/logo\/image\/\",\"url\":\"https:\/\/www.koirapuoti.com\/puoti\/wp-content\/uploads\/2023\/03\/cropped-koirapuoti-logo-v.png\",\"contentUrl\":\"https:\/\/www.koirapuoti.com\/puoti\/wp-content\/uploads\/2023\/03\/cropped-koirapuoti-logo-v.png\",\"width\":513,\"height\":121,\"caption\":\"Koirapuoti.com\"},\"image\":{\"@id\":\"https:\/\/www.koirapuoti.com\/puoti\/#\/schema\/logo\/image\/\"}}]}<\/script>\n<!-- \/ Yoast SEO plugin. -->","yoast_head_json":{"title":"Pihavahti koiralle d-fence 101 | Dogtrace","description":"Hanki laadukas pihavahti, joka sopii sek\u00e4 isolle ett\u00e4 pienelle koiralle. Lue asiakkaittemme palautetta ja vakuutu tuotteen tehokkuudesta.","robots":{"index":"index","follow":"follow","max-snippet":"max-snippet:-1","max-image-preview":"max-image-preview:large","max-video-preview":"max-video-preview:-1"},"canonical":"https:\/\/www.koirapuoti.com\/puoti\/kauppa\/pihavahti-koiralle-d-fence-101\/","og_locale":"fi_FI","og_type":"article","og_title":"Pihavahti koiralle d-fence 101 | Dogtrace","og_description":"Hanki laadukas pihavahti, joka sopii sek\u00e4 isolle ett\u00e4 pienelle koiralle. Lue asiakkaittemme palautetta ja vakuutu tuotteen tehokkuudesta.","og_url":"https:\/\/www.koirapuoti.com\/puoti\/kauppa\/pihavahti-koiralle-d-fence-101\/","og_site_name":"Koirapuoti.com","article_modified_time":"2024-09-09T05:30:06+00:00","og_image":[{"width":800,"height":800,"url":"https:\/\/www.koirapuoti.com\/puoti\/wp-content\/uploads\/2023\/03\/Pihavahti-koiralle-d-fence-101.jpg","type":"image\/jpeg"}],"twitter_card":"summary_large_image","twitter_misc":{"Arvioitu lukuaika":"3 minuuttia"},"schema":{"@context":"https:\/\/schema.org","@graph":[{"@type":"WebPage","@id":"https:\/\/www.koirapuoti.com\/puoti\/kauppa\/pihavahti-koiralle-d-fence-101\/","url":"https:\/\/www.koirapuoti.com\/puoti\/kauppa\/pihavahti-koiralle-d-fence-101\/","name":"Pihavahti koiralle d-fence 101 | Dogtrace","isPartOf":{"@id":"https:\/\/www.koirapuoti.com\/puoti\/#website"},"primaryImageOfPage":{"@id":"https:\/\/www.koirapuoti.com\/puoti\/kauppa\/pihavahti-koiralle-d-fence-101\/#primaryimage"},"image":{"@id":"https:\/\/www.koirapuoti.com\/puoti\/kauppa\/pihavahti-koiralle-d-fence-101\/#primaryimage"},"thumbnailUrl":"https:\/\/www.koirapuoti.com\/puoti\/wp-content\/uploads\/2023\/03\/Pihavahti-koiralle-d-fence-101.jpg","datePublished":"2023-03-25T12:46:49+00:00","dateModified":"2024-09-09T05:30:06+00:00","description":"Hanki laadukas pihavahti, joka sopii sek\u00e4 isolle ett\u00e4 pienelle koiralle. Lue asiakkaittemme palautetta ja vakuutu tuotteen tehokkuudesta.","breadcrumb":{"@id":"https:\/\/www.koirapuoti.com\/puoti\/kauppa\/pihavahti-koiralle-d-fence-101\/#breadcrumb"},"inLanguage":"fi","potentialAction":[{"@type":"ReadAction","target":["https:\/\/www.koirapuoti.com\/puoti\/kauppa\/pihavahti-koiralle-d-fence-101\/"]}]},{"@type":"ImageObject","inLanguage":"fi","@id":"https:\/\/www.koirapuoti.com\/puoti\/kauppa\/pihavahti-koiralle-d-fence-101\/#primaryimage","url":"https:\/\/www.koirapuoti.com\/puoti\/wp-content\/uploads\/2023\/03\/Pihavahti-koiralle-d-fence-101.jpg","contentUrl":"https:\/\/www.koirapuoti.com\/puoti\/wp-content\/uploads\/2023\/03\/Pihavahti-koiralle-d-fence-101.jpg","width":800,"height":800,"caption":"Pihavahti koiralle d-fence 101"},{"@type":"BreadcrumbList","@id":"https:\/\/www.koirapuoti.com\/puoti\/kauppa\/pihavahti-koiralle-d-fence-101\/#breadcrumb","itemListElement":[{"@type":"ListItem","position":1,"name":"Home","item":"https:\/\/www.koirapuoti.com\/puoti\/"},{"@type":"ListItem","position":2,"name":"Kauppa","item":"https:\/\/www.koirapuoti.com\/puoti\/kauppa\/"},{"@type":"ListItem","position":3,"name":"Pihavahti koiralle d-fence 101"}]},{"@type":"WebSite","@id":"https:\/\/www.koirapuoti.com\/puoti\/#website","url":"https:\/\/www.koirapuoti.com\/puoti\/","name":"Koirapuoti.com","description":"Koira gps pannat, pihavahdit, haukunestopannat, koulutuspannat","publisher":{"@id":"https:\/\/www.koirapuoti.com\/puoti\/#organization"},"potentialAction":[{"@type":"SearchAction","target":{"@type":"EntryPoint","urlTemplate":"https:\/\/www.koirapuoti.com\/puoti\/?s={search_term_string}"},"query-input":{"@type":"PropertyValueSpecification","valueRequired":true,"valueName":"search_term_string"}}],"inLanguage":"fi"},{"@type":"Organization","@id":"https:\/\/www.koirapuoti.com\/puoti\/#organization","name":"Koirapuoti.com","url":"https:\/\/www.koirapuoti.com\/puoti\/","logo":{"@type":"ImageObject","inLanguage":"fi","@id":"https:\/\/www.koirapuoti.com\/puoti\/#\/schema\/logo\/image\/","url":"https:\/\/www.koirapuoti.com\/puoti\/wp-content\/uploads\/2023\/03\/cropped-koirapuoti-logo-v.png","contentUrl":"https:\/\/www.koirapuoti.com\/puoti\/wp-content\/uploads\/2023\/03\/cropped-koirapuoti-logo-v.png","width":513,"height":121,"caption":"Koirapuoti.com"},"image":{"@id":"https:\/\/www.koirapuoti.com\/puoti\/#\/schema\/logo\/image\/"}}]}},"_links":{"self":[{"href":"https:\/\/www.koirapuoti.com\/puoti\/wp-json\/wp\/v2\/product\/155"}],"collection":[{"href":"https:\/\/www.koirapuoti.com\/puoti\/wp-json\/wp\/v2\/product"}],"about":[{"href":"https:\/\/www.koirapuoti.com\/puoti\/wp-json\/wp\/v2\/types\/product"}],"wp:featuredmedia":[{"embeddable":true,"href":"https:\/\/www.koirapuoti.com\/puoti\/wp-json\/wp\/v2\/media\/156"}],"wp:attachment":[{"href":"https:\/\/www.koirapuoti.com\/puoti\/wp-json\/wp\/v2\/media?parent=155"}],"wp:term":[{"taxonomy":"product_cat","embeddable":true,"href":"https:\/\/www.koirapuoti.com\/puoti\/wp-json\/wp\/v2\/product_cat?post=155"},{"taxonomy":"product_tag","embeddable":true,"href":"https:\/\/www.koirapuoti.com\/puoti\/wp-json\/wp\/v2\/product_tag?post=155"}],"curies":[{"name":"wp","href":"https:\/\/api.w.org\/{rel}","templated":true}]}}