{"id":129,"date":"2023-03-25T10:40:50","date_gmt":"2023-03-25T10:40:50","guid":{"rendered":"https:\/\/koirapuoti.com\/puoti\/?post_type=product&#038;p=129"},"modified":"2023-03-25T10:44:52","modified_gmt":"2023-03-25T10:44:52","slug":"haukunestolaite-d-mute-light","status":"publish","type":"product","link":"https:\/\/www.koirapuoti.com\/puoti\/kauppa\/haukunestolaite-d-mute-light\/","title":{"rendered":"Haukunestolaite d-mute light"},"content":{"rendered":"<p>Asiakkaiden palautetta l\u00f6yd\u00e4t\u00a0<span style=\"text-decoration: underline;\"><a href=\"https:\/\/www.koirapuoti.com\/puoti\/palautetta-asiakkailta\/\"><strong>t\u00e4st\u00e4.<\/strong><\/a><\/span><\/p>\n<p><strong>Haukunestolaitteen ominaisuudet:<\/strong><\/p>\n<ul>\n<li>Vesitiivis ja kest\u00e4v\u00e4<\/li>\n<li>Mahdollisuus herkkyydens\u00e4\u00e4t\u00f6\u00f6n<\/li>\n<li>Mitat: 39x37x77mm<\/li>\n<li>Paino ilman kangasosaa : 115g<\/li>\n<li>Kaulapannan pituus s\u00e4\u00e4dett\u00e4viss\u00e4 v\u00e4lill\u00e4 17-75cm<\/li>\n<li>6 toimintatilaa\n<ul>\n<li>Vain \u00e4\u00e4ni<\/li>\n<li>\u00c4\u00e4ni+alhainen korjausimpulssi<\/li>\n<li>\u00c4\u00e4ni+kesknkertainen korjausimpulssi<\/li>\n<li>\u00c4\u00e4ni+korkea korjausimpulssi<\/li>\n<li>\u00c4\u00e4ni+ 5-tasoinen voimistuva korjausimpulssi (impulssia nostetaan vaiheittain, jos haukunta ei lopu)<\/li>\n<li>Testitila<\/li>\n<\/ul>\n<\/li>\n<\/ul>\n<ul>\n<li>Virtal\u00e4hde: CR2 3V litium-ioniparisto. Pariston kesto keskim\u00e4\u00e4rin kuusi kuukautta. Uuden pariston voi ostaa elektroniikka- tai valokuvausliikkeest\u00e4. Joidenkin valmistajien laitteisiin voi paristoja ostaa vain n\u00e4iden j\u00e4lleenmyyjilt\u00e4.<\/li>\n<\/ul>\n<p>&nbsp;<\/p>\n<p>Ota mallin valinnassa huomioon koirasi koko.<\/p>\n<table style=\"border-color: #fff7f7;\">\n<tbody>\n<tr>\n<td width=\"140\">Malli<\/td>\n<td width=\"217\">Kohderyhm\u00e4<\/td>\n<td style=\"width: 257px;\" width=\"257\">Esimerkkirodut<\/td>\n<\/tr>\n<tr style=\"border-color: #0;\">\n<td width=\"140\">d-mute small light<\/td>\n<td width=\"217\">Pienet koirarodut<\/td>\n<td style=\"width: 257px;\" width=\"257\">m\u00e4yr\u00e4koira, shih tzu, havannankoira<\/td>\n<\/tr>\n<tr style=\"border-color: #0; background-color: #0;\">\n<td width=\"140\">d-mute small<\/td>\n<td width=\"217\">Pienet ja keskikokoiset koirat<\/td>\n<td style=\"width: 257px;\" width=\"257\">bordercollie, englanninspringerspanieli, shar pei.<\/td>\n<\/tr>\n<tr>\n<td width=\"140\">d-mute light<\/td>\n<td width=\"217\">Keskikokoiset ja isot koirat<\/td>\n<td width=\"257\">belgianpaimenkoira ja irlanninsetteri.<\/td>\n<\/tr>\n<tr>\n<td width=\"140\">d-mute<\/td>\n<td width=\"217\">Isot ja eritt\u00e4in isot koirarodut<\/td>\n<td width=\"257\">rottweile, mastiffi<\/td>\n<\/tr>\n<\/tbody>\n<\/table>\n<p>Oman koirasi kokoa vastaavan kaulapannan l\u00f6yd\u00e4t luokasta haukunestopannat tai klikkaamalla\u00a0<span style=\"text-decoration: underline;\"><strong><a href=\"https:\/\/www.koirapuoti.com\/puoti\/tuote\/haukunestopanta\/\">t\u00e4st\u00e4.<\/a><\/strong><\/span><\/p>\n<p>Haukunestolaite on valmistettu Tsekin tasavallassa ja vastaa Euroopassa vahvistettuja vaatimuksia.<\/p>\n<p>&nbsp;<\/p>\n<h2>Haukunestolaite \u2013 kuinka ja miksi?<\/h2>\n<p>Haukkuminen kuuluu jokaisen koiran luonteeseen, mutta mit\u00e4 tulisi tehd\u00e4 silloin, kun koira haukkuu sellaisissakin tilanteissa, joissa se ei ole toivottavaa tai tarpeellista? Liiallinen haukkuminen saattaa aiheuttaa j\u00e4nnityksi\u00e4 naapurisuhteisiin ja olla kiusallista my\u00f6s sinulle itsellesikin.\u00a0<strong>Haukunestolaite<\/strong>\u00a0on apuv\u00e4line, joka auttaa sinua vapautumaan lemmikin loputtomasta haukunnasta. Haukunestolaite on asianmukaisesti k\u00e4ytettyn\u00e4 hyv\u00e4 koulutusv\u00e4line. Laitteen pitk\u00e4aikaisempi tavoite on, ett\u00e4 yhten\u00e4 p\u00e4iv\u00e4n\u00e4 sen voi lopullisesti ottaa pois ja varastoida. Dogtrace-pannat ovat laadukkaita, ne vaikuttavat nopeasti ja ovat lemmikille turvallisia. Haukunestolaitteiden laadusta lue lis\u00e4\u00e4\u00a0<strong><a href=\"https:\/\/www.koirapuoti.com\/puoti\/haukkupannan-laadusta\/\"><span style=\"text-decoration: underline;\">t\u00e4st\u00e4.<\/span><\/a><\/strong><\/p>\n<p>S\u00e4hk\u00f6iset haukunestolaitteet ovat kaikkein tehokkaimpia. Ultra\u00e4\u00e4nt\u00e4 tai sitruunantuoksua tuottavat pannat eiv\u00e4t ole niin tehokkaita.<\/p>\n<p>&nbsp;<\/p>\n<h2>Toimintaperiaate<\/h2>\n<p><strong>Haukunestolaite<\/strong>\u00a0tunnistaa haukunnassa syntyv\u00e4t v\u00e4rin\u00e4t. Panta aktivoituu vain sen koiran haukunnasta, joka kaulassa se on. Haukuntaa seuraa varoittava \u00e4\u00e4nisignaali ja virranvoimakkuudeltaan matala, mutta j\u00e4nnitteelt\u00e4\u00e4n korkea, ep\u00e4miellytt\u00e4v\u00e4 s\u00e4hk\u00f6impulssi. T\u00e4m\u00e4 toiminto auttaa vapautumaan haukunnasta tilanteissa, joissa se ei ole toivottua.<\/p>\n<p>Alkuun ei ole suositeltavaa k\u00e4ytt\u00e4\u00e4 pantaa kaulassa kauemmin kuin 12 tuntia vuorokaudessa. My\u00f6hemmin, kun lemmikin nahka on tottunut kontakteihin, voi pantaa k\u00e4ytt\u00e4\u00e4 tarvittaessa kauemminkin.<\/p>\n","protected":false},"excerpt":{"rendered":"<p>Sopii keskikokoisille ja isoille koiraroduille kuten belgianpaimenkoira ja irlanninsetteri.<\/p>\n<p>Malli: d-mute light<\/p>\n","protected":false},"featured_media":130,"template":"","meta":[],"product_cat":[18],"product_tag":[],"class_list":{"0":"post-129","1":"product","2":"type-product","3":"status-publish","4":"has-post-thumbnail","6":"product_cat-haukunestopanta","8":"first","9":"instock","10":"sale","11":"taxable","12":"shipping-taxable","13":"purchasable","14":"product-type-simple"},"yoast_head":"<!-- This site is optimized with the Yoast SEO plugin v23.5 - https:\/\/yoast.com\/wordpress\/plugins\/seo\/ -->\n<title>Haukunestolaite d-mute light | Koirapuoti.com<\/title>\n<meta name=\"description\" content=\"Kest\u00e4v\u00e4 ja vedenpit\u00e4v\u00e4 haukunestolaite, joka sopii keskikokoisille ja isoille koiraroduille, kuten belgianpaimenkoira ja irlanninsetteri.\" \/>\n<meta name=\"robots\" content=\"index, follow, max-snippet:-1, max-image-preview:large, max-video-preview:-1\" \/>\n<link rel=\"canonical\" href=\"https:\/\/www.koirapuoti.com\/puoti\/kauppa\/haukunestolaite-d-mute-light\/\" \/>\n<meta property=\"og:locale\" content=\"fi_FI\" \/>\n<meta property=\"og:type\" content=\"article\" \/>\n<meta property=\"og:title\" content=\"Haukunestolaite d-mute light | Koirapuoti.com\" \/>\n<meta property=\"og:description\" content=\"Kest\u00e4v\u00e4 ja vedenpit\u00e4v\u00e4 haukunestolaite, joka sopii keskikokoisille ja isoille koiraroduille, kuten belgianpaimenkoira ja irlanninsetteri.\" \/>\n<meta property=\"og:url\" content=\"https:\/\/www.koirapuoti.com\/puoti\/kauppa\/haukunestolaite-d-mute-light\/\" \/>\n<meta property=\"og:site_name\" content=\"Koirapuoti.com\" \/>\n<meta property=\"article:modified_time\" content=\"2023-03-25T10:44:52+00:00\" \/>\n<meta property=\"og:image\" content=\"https:\/\/www.koirapuoti.com\/puoti\/wp-content\/uploads\/2023\/03\/Haukunestolaite-Dogdrace.jpg\" \/>\n\t<meta property=\"og:image:width\" content=\"800\" \/>\n\t<meta property=\"og:image:height\" content=\"800\" \/>\n\t<meta property=\"og:image:type\" content=\"image\/jpeg\" \/>\n<meta name=\"twitter:card\" content=\"summary_large_image\" \/>\n<meta name=\"twitter:label1\" content=\"Arvioitu lukuaika\" \/>\n\t<meta name=\"twitter:data1\" content=\"2 minuuttia\" \/>\n<script type=\"application\/ld+json\" class=\"yoast-schema-graph\">{\"@context\":\"https:\/\/schema.org\",\"@graph\":[{\"@type\":\"WebPage\",\"@id\":\"https:\/\/www.koirapuoti.com\/puoti\/kauppa\/haukunestolaite-d-mute-light\/\",\"url\":\"https:\/\/www.koirapuoti.com\/puoti\/kauppa\/haukunestolaite-d-mute-light\/\",\"name\":\"Haukunestolaite d-mute light | Koirapuoti.com\",\"isPartOf\":{\"@id\":\"https:\/\/www.koirapuoti.com\/puoti\/#website\"},\"primaryImageOfPage\":{\"@id\":\"https:\/\/www.koirapuoti.com\/puoti\/kauppa\/haukunestolaite-d-mute-light\/#primaryimage\"},\"image\":{\"@id\":\"https:\/\/www.koirapuoti.com\/puoti\/kauppa\/haukunestolaite-d-mute-light\/#primaryimage\"},\"thumbnailUrl\":\"https:\/\/www.koirapuoti.com\/puoti\/wp-content\/uploads\/2023\/03\/Haukunestolaite-Dogdrace.jpg\",\"datePublished\":\"2023-03-25T10:40:50+00:00\",\"dateModified\":\"2023-03-25T10:44:52+00:00\",\"description\":\"Kest\u00e4v\u00e4 ja vedenpit\u00e4v\u00e4 haukunestolaite, joka sopii keskikokoisille ja isoille koiraroduille, kuten belgianpaimenkoira ja irlanninsetteri.\",\"breadcrumb\":{\"@id\":\"https:\/\/www.koirapuoti.com\/puoti\/kauppa\/haukunestolaite-d-mute-light\/#breadcrumb\"},\"inLanguage\":\"fi\",\"potentialAction\":[{\"@type\":\"ReadAction\",\"target\":[\"https:\/\/www.koirapuoti.com\/puoti\/kauppa\/haukunestolaite-d-mute-light\/\"]}]},{\"@type\":\"ImageObject\",\"inLanguage\":\"fi\",\"@id\":\"https:\/\/www.koirapuoti.com\/puoti\/kauppa\/haukunestolaite-d-mute-light\/#primaryimage\",\"url\":\"https:\/\/www.koirapuoti.com\/puoti\/wp-content\/uploads\/2023\/03\/Haukunestolaite-Dogdrace.jpg\",\"contentUrl\":\"https:\/\/www.koirapuoti.com\/puoti\/wp-content\/uploads\/2023\/03\/Haukunestolaite-Dogdrace.jpg\",\"width\":800,\"height\":800,\"caption\":\"Haukunestolaite Dogdrace\"},{\"@type\":\"BreadcrumbList\",\"@id\":\"https:\/\/www.koirapuoti.com\/puoti\/kauppa\/haukunestolaite-d-mute-light\/#breadcrumb\",\"itemListElement\":[{\"@type\":\"ListItem\",\"position\":1,\"name\":\"Home\",\"item\":\"https:\/\/www.koirapuoti.com\/puoti\/\"},{\"@type\":\"ListItem\",\"position\":2,\"name\":\"Kauppa\",\"item\":\"https:\/\/www.koirapuoti.com\/puoti\/kauppa\/\"},{\"@type\":\"ListItem\",\"position\":3,\"name\":\"Haukunestolaite d-mute light\"}]},{\"@type\":\"WebSite\",\"@id\":\"https:\/\/www.koirapuoti.com\/puoti\/#website\",\"url\":\"https:\/\/www.koirapuoti.com\/puoti\/\",\"name\":\"Koirapuoti.com\",\"description\":\"Koira gps pannat, pihavahdit, haukunestopannat, koulutuspannat\",\"publisher\":{\"@id\":\"https:\/\/www.koirapuoti.com\/puoti\/#organization\"},\"potentialAction\":[{\"@type\":\"SearchAction\",\"target\":{\"@type\":\"EntryPoint\",\"urlTemplate\":\"https:\/\/www.koirapuoti.com\/puoti\/?s={search_term_string}\"},\"query-input\":{\"@type\":\"PropertyValueSpecification\",\"valueRequired\":true,\"valueName\":\"search_term_string\"}}],\"inLanguage\":\"fi\"},{\"@type\":\"Organization\",\"@id\":\"https:\/\/www.koirapuoti.com\/puoti\/#organization\",\"name\":\"Koirapuoti.com\",\"url\":\"https:\/\/www.koirapuoti.com\/puoti\/\",\"logo\":{\"@type\":\"ImageObject\",\"inLanguage\":\"fi\",\"@id\":\"https:\/\/www.koirapuoti.com\/puoti\/#\/schema\/logo\/image\/\",\"url\":\"https:\/\/www.koirapuoti.com\/puoti\/wp-content\/uploads\/2023\/03\/cropped-koirapuoti-logo-v.png\",\"contentUrl\":\"https:\/\/www.koirapuoti.com\/puoti\/wp-content\/uploads\/2023\/03\/cropped-koirapuoti-logo-v.png\",\"width\":513,\"height\":121,\"caption\":\"Koirapuoti.com\"},\"image\":{\"@id\":\"https:\/\/www.koirapuoti.com\/puoti\/#\/schema\/logo\/image\/\"}}]}<\/script>\n<!-- \/ Yoast SEO plugin. -->","yoast_head_json":{"title":"Haukunestolaite d-mute light | Koirapuoti.com","description":"Kest\u00e4v\u00e4 ja vedenpit\u00e4v\u00e4 haukunestolaite, joka sopii keskikokoisille ja isoille koiraroduille, kuten belgianpaimenkoira ja irlanninsetteri.","robots":{"index":"index","follow":"follow","max-snippet":"max-snippet:-1","max-image-preview":"max-image-preview:large","max-video-preview":"max-video-preview:-1"},"canonical":"https:\/\/www.koirapuoti.com\/puoti\/kauppa\/haukunestolaite-d-mute-light\/","og_locale":"fi_FI","og_type":"article","og_title":"Haukunestolaite d-mute light | Koirapuoti.com","og_description":"Kest\u00e4v\u00e4 ja vedenpit\u00e4v\u00e4 haukunestolaite, joka sopii keskikokoisille ja isoille koiraroduille, kuten belgianpaimenkoira ja irlanninsetteri.","og_url":"https:\/\/www.koirapuoti.com\/puoti\/kauppa\/haukunestolaite-d-mute-light\/","og_site_name":"Koirapuoti.com","article_modified_time":"2023-03-25T10:44:52+00:00","og_image":[{"width":800,"height":800,"url":"https:\/\/www.koirapuoti.com\/puoti\/wp-content\/uploads\/2023\/03\/Haukunestolaite-Dogdrace.jpg","type":"image\/jpeg"}],"twitter_card":"summary_large_image","twitter_misc":{"Arvioitu lukuaika":"2 minuuttia"},"schema":{"@context":"https:\/\/schema.org","@graph":[{"@type":"WebPage","@id":"https:\/\/www.koirapuoti.com\/puoti\/kauppa\/haukunestolaite-d-mute-light\/","url":"https:\/\/www.koirapuoti.com\/puoti\/kauppa\/haukunestolaite-d-mute-light\/","name":"Haukunestolaite d-mute light | Koirapuoti.com","isPartOf":{"@id":"https:\/\/www.koirapuoti.com\/puoti\/#website"},"primaryImageOfPage":{"@id":"https:\/\/www.koirapuoti.com\/puoti\/kauppa\/haukunestolaite-d-mute-light\/#primaryimage"},"image":{"@id":"https:\/\/www.koirapuoti.com\/puoti\/kauppa\/haukunestolaite-d-mute-light\/#primaryimage"},"thumbnailUrl":"https:\/\/www.koirapuoti.com\/puoti\/wp-content\/uploads\/2023\/03\/Haukunestolaite-Dogdrace.jpg","datePublished":"2023-03-25T10:40:50+00:00","dateModified":"2023-03-25T10:44:52+00:00","description":"Kest\u00e4v\u00e4 ja vedenpit\u00e4v\u00e4 haukunestolaite, joka sopii keskikokoisille ja isoille koiraroduille, kuten belgianpaimenkoira ja irlanninsetteri.","breadcrumb":{"@id":"https:\/\/www.koirapuoti.com\/puoti\/kauppa\/haukunestolaite-d-mute-light\/#breadcrumb"},"inLanguage":"fi","potentialAction":[{"@type":"ReadAction","target":["https:\/\/www.koirapuoti.com\/puoti\/kauppa\/haukunestolaite-d-mute-light\/"]}]},{"@type":"ImageObject","inLanguage":"fi","@id":"https:\/\/www.koirapuoti.com\/puoti\/kauppa\/haukunestolaite-d-mute-light\/#primaryimage","url":"https:\/\/www.koirapuoti.com\/puoti\/wp-content\/uploads\/2023\/03\/Haukunestolaite-Dogdrace.jpg","contentUrl":"https:\/\/www.koirapuoti.com\/puoti\/wp-content\/uploads\/2023\/03\/Haukunestolaite-Dogdrace.jpg","width":800,"height":800,"caption":"Haukunestolaite Dogdrace"},{"@type":"BreadcrumbList","@id":"https:\/\/www.koirapuoti.com\/puoti\/kauppa\/haukunestolaite-d-mute-light\/#breadcrumb","itemListElement":[{"@type":"ListItem","position":1,"name":"Home","item":"https:\/\/www.koirapuoti.com\/puoti\/"},{"@type":"ListItem","position":2,"name":"Kauppa","item":"https:\/\/www.koirapuoti.com\/puoti\/kauppa\/"},{"@type":"ListItem","position":3,"name":"Haukunestolaite d-mute light"}]},{"@type":"WebSite","@id":"https:\/\/www.koirapuoti.com\/puoti\/#website","url":"https:\/\/www.koirapuoti.com\/puoti\/","name":"Koirapuoti.com","description":"Koira gps pannat, pihavahdit, haukunestopannat, koulutuspannat","publisher":{"@id":"https:\/\/www.koirapuoti.com\/puoti\/#organization"},"potentialAction":[{"@type":"SearchAction","target":{"@type":"EntryPoint","urlTemplate":"https:\/\/www.koirapuoti.com\/puoti\/?s={search_term_string}"},"query-input":{"@type":"PropertyValueSpecification","valueRequired":true,"valueName":"search_term_string"}}],"inLanguage":"fi"},{"@type":"Organization","@id":"https:\/\/www.koirapuoti.com\/puoti\/#organization","name":"Koirapuoti.com","url":"https:\/\/www.koirapuoti.com\/puoti\/","logo":{"@type":"ImageObject","inLanguage":"fi","@id":"https:\/\/www.koirapuoti.com\/puoti\/#\/schema\/logo\/image\/","url":"https:\/\/www.koirapuoti.com\/puoti\/wp-content\/uploads\/2023\/03\/cropped-koirapuoti-logo-v.png","contentUrl":"https:\/\/www.koirapuoti.com\/puoti\/wp-content\/uploads\/2023\/03\/cropped-koirapuoti-logo-v.png","width":513,"height":121,"caption":"Koirapuoti.com"},"image":{"@id":"https:\/\/www.koirapuoti.com\/puoti\/#\/schema\/logo\/image\/"}}]}},"_links":{"self":[{"href":"https:\/\/www.koirapuoti.com\/puoti\/wp-json\/wp\/v2\/product\/129"}],"collection":[{"href":"https:\/\/www.koirapuoti.com\/puoti\/wp-json\/wp\/v2\/product"}],"about":[{"href":"https:\/\/www.koirapuoti.com\/puoti\/wp-json\/wp\/v2\/types\/product"}],"wp:featuredmedia":[{"embeddable":true,"href":"https:\/\/www.koirapuoti.com\/puoti\/wp-json\/wp\/v2\/media\/130"}],"wp:attachment":[{"href":"https:\/\/www.koirapuoti.com\/puoti\/wp-json\/wp\/v2\/media?parent=129"}],"wp:term":[{"taxonomy":"product_cat","embeddable":true,"href":"https:\/\/www.koirapuoti.com\/puoti\/wp-json\/wp\/v2\/product_cat?post=129"},{"taxonomy":"product_tag","embeddable":true,"href":"https:\/\/www.koirapuoti.com\/puoti\/wp-json\/wp\/v2\/product_tag?post=129"}],"curies":[{"name":"wp","href":"https:\/\/api.w.org\/{rel}","templated":true}]}}