{"id":877,"date":"2024-12-09T11:07:03","date_gmt":"2024-12-09T11:07:03","guid":{"rendered":"https:\/\/www.koirapuoti.com\/puoti\/?page_id=877"},"modified":"2024-12-09T11:07:03","modified_gmt":"2024-12-09T11:07:03","slug":"evasteiden-kayttoehdot","status":"publish","type":"page","link":"https:\/\/www.koirapuoti.com\/puoti\/evasteiden-kayttoehdot\/","title":{"rendered":"Ev\u00e4steiden k\u00e4ytt\u00f6ehdot"},"content":{"rendered":"<p>Koirapuoti.com k\u00e4ytt\u00e4\u00e4 verkkosivustollaan ev\u00e4steit\u00e4 (engl. &#8221;cookies&#8221;).<\/p><p>Ev\u00e4ste on pieni tekstitiedosto, joka tallennetaan verkkosivuston k\u00e4ytt\u00e4j\u00e4n laitteelle. Ev\u00e4steet eiv\u00e4t vaaranna k\u00e4ytt\u00e4j\u00e4n tietokonetta tai \u00e4lylaitetta. Ev\u00e4steiden k\u00e4yt\u00f6st\u00e4 ilmoitetaan verkkosivustolla sen alareunassa heti sivustolle saavuttaessa.<\/p><p>Ev\u00e4steiden tarkoituksena on helpottaa k\u00e4ytt\u00e4j\u00e4n liikkumista verkkosivustolla, tarjota henkil\u00f6kohtaisempi k\u00e4ytt\u00f6kokemus, nopeuttaa sivuston k\u00e4ytt\u00f6\u00e4 sek\u00e4 ker\u00e4t\u00e4 tilastotietoja verkkosivuston liikenteest\u00e4. T\u00e4m\u00e4 tieto auttaa meit\u00e4 pit\u00e4m\u00e4\u00e4n verkkosivustomme ajan tasalla ja tekem\u00e4\u00e4n tiedot paremmin k\u00e4ytt\u00e4jien saataville.<\/p><p>Ev\u00e4steet mahdollistavat:<\/p><ul class=\"wp-block-list\"><li>verkkosivuston toiminnan k\u00e4ytt\u00e4j\u00e4n odotusten mukaisesti, mukaan lukien k\u00e4ytt\u00e4j\u00e4n asetusten ja mieltymysten muistamisen;<\/li>\n\n<li>tarpeen v\u00e4ltt\u00e4\u00e4 uudelleenkirjautumista;<\/li>\n\n<li>k\u00e4ytt\u00e4j\u00e4n tottumusten ja tilastotietojen ker\u00e4\u00e4misen sek\u00e4 markkinointiviestien ja personoitujen tarjousten mukauttamisen k\u00e4ytt\u00e4j\u00e4n mieltymysten mukaan;<\/li>\n\n<li>verkkosivuston sis\u00e4ll\u00f6n jakamisen sosiaalisessa mediassa;<\/li>\n\n<li>verkkosivuston turvallisuuden ja nopeuden parantamisen;<\/li>\n\n<li>tiedon ker\u00e4\u00e4misen verkkosivuston kehityksen suunnittelua varten.<\/li><\/ul><p><strong>Pysyv\u00e4t ev\u00e4steet<\/strong><br>Koirapuoti.com k\u00e4ytt\u00e4\u00e4 verkkosivustollaan pysyvi\u00e4 ev\u00e4steit\u00e4 k\u00e4ytt\u00e4j\u00e4n mieltymysten muistamiseen sek\u00e4 k\u00e4ytt\u00e4j\u00e4nimen ja salasanan tallentamiseen, jotta k\u00e4ytt\u00e4j\u00e4n ei tarvitse kirjautua sis\u00e4\u00e4n joka kerta. Pysyv\u00e4t ev\u00e4steet s\u00e4ilyv\u00e4t k\u00e4ytt\u00e4j\u00e4n laitteella my\u00f6s sivuston sulkemisen j\u00e4lkeen. Pysyvien ev\u00e4steiden voimassaoloaika vaihtelee, ja ne aktivoituvat aina, kun Koirapuoti.com-sivustoa k\u00e4ytet\u00e4\u00e4n.<\/p><p><strong>Ev\u00e4stetyypit<\/strong><\/p><ol class=\"wp-block-list\"><li><strong>Tekniset ev\u00e4steet<\/strong><br>Tekniset ev\u00e4steet ovat v\u00e4ltt\u00e4m\u00e4tt\u00f6mi\u00e4, jotta k\u00e4ytt\u00e4j\u00e4 voi navigoida sivustolla ja k\u00e4ytt\u00e4\u00e4 sen toimintoja. Ilman n\u00e4it\u00e4 ev\u00e4steit\u00e4 sivusto ei toimi oikein.<\/li>\n\n<li><strong>Analytiikkaev\u00e4steet<\/strong><br>Analytiikkaev\u00e4steet ker\u00e4\u00e4v\u00e4t tietoa siit\u00e4, miten verkkosivustoa k\u00e4ytet\u00e4\u00e4n, ja auttavat parantamaan sen toimivuutta. N\u00e4iden ev\u00e4steiden avulla voidaan esimerkiksi selvitt\u00e4\u00e4, mitk\u00e4 sivut ovat suosituimpia ja miss\u00e4 esiintyy ongelmia. Analytiikkaev\u00e4steit\u00e4 k\u00e4ytet\u00e4\u00e4n vain tilastointitarkoituksiin, eik\u00e4 niiden avulla voi tunnistaa yksitt\u00e4isi\u00e4 k\u00e4ytt\u00e4ji\u00e4. K\u00e4ytt\u00e4j\u00e4tietoja ei esimerkiksi luovuteta Googlelle.<\/li>\n\n<li><strong>Tunnistautumisen ev\u00e4steet<\/strong><br>N\u00e4m\u00e4 ev\u00e4steet varmistavat k\u00e4ytt\u00e4j\u00e4n tekemien valintojen (esim. verkkosivuston kieli) s\u00e4ilymisen sek\u00e4 kirjautumistietojen tallentamisen.<\/li>\n\n<li><strong>Mainosev\u00e4steet<\/strong><br>Mainosev\u00e4steit\u00e4 k\u00e4ytet\u00e4\u00e4n kohdistettujen mainosten n\u00e4ytt\u00e4miseen k\u00e4ytt\u00e4j\u00e4n kiinnostusten mukaan sek\u00e4 mainosten n\u00e4ytt\u00f6kertojen hallintaan. Lis\u00e4ksi n\u00e4m\u00e4 ev\u00e4steet auttavat mittaamaan mainoskampanjoiden tehokkuutta.<\/li>\n\n<li><strong>Kolmansien osapuolten ev\u00e4steet<\/strong><br>Esimerkiksi Facebook ja Google voivat ker\u00e4t\u00e4 tietoa verkkosivuston sis\u00e4ll\u00f6st\u00e4, jota k\u00e4ytt\u00e4j\u00e4 on klikannut, omien ev\u00e4steidens\u00e4 avulla. N\u00e4iden tietojen perusteella k\u00e4ytt\u00e4j\u00e4lle voidaan n\u00e4ytt\u00e4\u00e4 muun muassa h\u00e4nelle mahdollisesti kiinnostavia mainoksia.<br>Google k\u00e4ytt\u00e4\u00e4 my\u00f6s konversioev\u00e4steit\u00e4, joiden tarkoituksena on tunnistaa, kuinka moni Koirapuoti.com-mainoksia klikannut henkil\u00f6 ostaa tuotteitamme. Google ei k\u00e4yt\u00e4 konversioev\u00e4steit\u00e4 kohdennettujen mainosten n\u00e4ytt\u00e4miseen, ja niiden s\u00e4ilytysaika on rajallinen.<\/li><\/ol><p>N\u00e4iden ev\u00e4steiden k\u00e4ytt\u00f6\u00e4 s\u00e4\u00e4telev\u00e4t niiden asentajien tietosuojak\u00e4yt\u00e4nn\u00f6t:<\/p><ul class=\"wp-block-list\"><li><a href=\"https:\/\/www.facebook.com\/policies\/cookies\/\">Facebookin ev\u00e4stek\u00e4yt\u00e4nn\u00f6t<\/a><\/li>\n\n<li><a href=\"https:\/\/www.google.com\/policies\/technologies\/cookies\/\">Googlen ev\u00e4stek\u00e4yt\u00e4nn\u00f6t<\/a><\/li><\/ul><p>Koirapuoti.com-sivustolla on kolmansien osapuolten sis\u00e4lt\u00f6\u00e4, kuten YouTube-videoita. YouTube k\u00e4ytt\u00e4\u00e4 ev\u00e4steit\u00e4 palvelujensa k\u00e4yt\u00f6n seuraamiseen.<\/p><p><strong>Ev\u00e4steiden hallinta ja k\u00e4yt\u00f6st\u00e4 kielt\u00e4ytyminen<\/strong><br>Ev\u00e4steiden est\u00e4minen tai poistaminen voi johtaa siihen, ett\u00e4 Koirapuoti.com-sivusto ei toimi oikein, eik\u00e4 k\u00e4ytt\u00e4j\u00e4 voi k\u00e4ytt\u00e4\u00e4 kaikkia sen toimintoja.<\/p><p>Ev\u00e4steiden k\u00e4yt\u00f6st\u00e4 voi kielt\u00e4yty\u00e4 muuttamalla selaimen asetuksia ja poistamalla tallennetut ev\u00e4steet.<br>Selaimen ev\u00e4steasetusten muuttaminen vaikuttaa kaikkiin vierailtuihin verkkosivustoihin.<\/p><p>Koirapuoti.com:n ev\u00e4steiden k\u00e4ytt\u00f6ehdot ovat voimassa 17.02.2022 alkaen.<\/p>","protected":false},"excerpt":{"rendered":"<p>Koirapuoti.com k\u00e4ytt\u00e4\u00e4 verkkosivustollaan ev\u00e4steit\u00e4 (engl. &#8221;cookies&#8221;). Ev\u00e4ste on pieni tekstitiedosto, joka tallennetaan verkkosivuston k\u00e4ytt\u00e4j\u00e4n laitteelle. Ev\u00e4steet eiv\u00e4t vaaranna k\u00e4ytt\u00e4j\u00e4n tietokonetta tai \u00e4lylaitetta. Ev\u00e4steiden k\u00e4yt\u00f6st\u00e4 ilmoitetaan verkkosivustolla sen alareunassa heti sivustolle saavuttaessa. Ev\u00e4steiden tarkoituksena on helpottaa k\u00e4ytt\u00e4j\u00e4n liikkumista verkkosivustolla, tarjota henkil\u00f6kohtaisempi k\u00e4ytt\u00f6kokemus, nopeuttaa sivuston k\u00e4ytt\u00f6\u00e4 sek\u00e4 ker\u00e4t\u00e4 tilastotietoja verkkosivuston liikenteest\u00e4. T\u00e4m\u00e4 tieto auttaa meit\u00e4 pit\u00e4m\u00e4\u00e4n verkkosivustomme [&hellip;]<\/p>\n","protected":false},"author":1,"featured_media":0,"parent":0,"menu_order":0,"comment_status":"closed","ping_status":"closed","template":"","meta":{"footnotes":""},"class_list":["post-877","page","type-page","status-publish","hentry"],"yoast_head":"<!-- This site is optimized with the Yoast SEO plugin v23.5 - https:\/\/yoast.com\/wordpress\/plugins\/seo\/ -->\n<title>Ev\u00e4steiden k\u00e4ytt\u00f6ehdot - Koirapuoti.com<\/title>\n<meta name=\"robots\" content=\"index, follow, max-snippet:-1, max-image-preview:large, max-video-preview:-1\" \/>\n<link rel=\"canonical\" href=\"https:\/\/www.koirapuoti.com\/puoti\/evasteiden-kayttoehdot\/\" \/>\n<meta property=\"og:locale\" content=\"fi_FI\" \/>\n<meta property=\"og:type\" content=\"article\" \/>\n<meta property=\"og:title\" content=\"Ev\u00e4steiden k\u00e4ytt\u00f6ehdot - Koirapuoti.com\" \/>\n<meta property=\"og:description\" content=\"Koirapuoti.com k\u00e4ytt\u00e4\u00e4 verkkosivustollaan ev\u00e4steit\u00e4 (engl. &#8221;cookies&#8221;). Ev\u00e4ste on pieni tekstitiedosto, joka tallennetaan verkkosivuston k\u00e4ytt\u00e4j\u00e4n laitteelle. Ev\u00e4steet eiv\u00e4t vaaranna k\u00e4ytt\u00e4j\u00e4n tietokonetta tai \u00e4lylaitetta. Ev\u00e4steiden k\u00e4yt\u00f6st\u00e4 ilmoitetaan verkkosivustolla sen alareunassa heti sivustolle saavuttaessa. Ev\u00e4steiden tarkoituksena on helpottaa k\u00e4ytt\u00e4j\u00e4n liikkumista verkkosivustolla, tarjota henkil\u00f6kohtaisempi k\u00e4ytt\u00f6kokemus, nopeuttaa sivuston k\u00e4ytt\u00f6\u00e4 sek\u00e4 ker\u00e4t\u00e4 tilastotietoja verkkosivuston liikenteest\u00e4. T\u00e4m\u00e4 tieto auttaa meit\u00e4 pit\u00e4m\u00e4\u00e4n verkkosivustomme [&hellip;]\" \/>\n<meta property=\"og:url\" content=\"https:\/\/www.koirapuoti.com\/puoti\/evasteiden-kayttoehdot\/\" \/>\n<meta property=\"og:site_name\" content=\"Koirapuoti.com\" \/>\n<meta name=\"twitter:card\" content=\"summary_large_image\" \/>\n<meta name=\"twitter:label1\" content=\"Arvioitu lukuaika\" \/>\n\t<meta name=\"twitter:data1\" content=\"3 minuuttia\" \/>\n<script type=\"application\/ld+json\" class=\"yoast-schema-graph\">{\"@context\":\"https:\/\/schema.org\",\"@graph\":[{\"@type\":\"WebPage\",\"@id\":\"https:\/\/www.koirapuoti.com\/puoti\/evasteiden-kayttoehdot\/\",\"url\":\"https:\/\/www.koirapuoti.com\/puoti\/evasteiden-kayttoehdot\/\",\"name\":\"Ev\u00e4steiden k\u00e4ytt\u00f6ehdot - Koirapuoti.com\",\"isPartOf\":{\"@id\":\"https:\/\/www.koirapuoti.com\/puoti\/#website\"},\"datePublished\":\"2024-12-09T11:07:03+00:00\",\"dateModified\":\"2024-12-09T11:07:03+00:00\",\"breadcrumb\":{\"@id\":\"https:\/\/www.koirapuoti.com\/puoti\/evasteiden-kayttoehdot\/#breadcrumb\"},\"inLanguage\":\"fi\",\"potentialAction\":[{\"@type\":\"ReadAction\",\"target\":[\"https:\/\/www.koirapuoti.com\/puoti\/evasteiden-kayttoehdot\/\"]}]},{\"@type\":\"BreadcrumbList\",\"@id\":\"https:\/\/www.koirapuoti.com\/puoti\/evasteiden-kayttoehdot\/#breadcrumb\",\"itemListElement\":[{\"@type\":\"ListItem\",\"position\":1,\"name\":\"Home\",\"item\":\"https:\/\/www.koirapuoti.com\/puoti\/\"},{\"@type\":\"ListItem\",\"position\":2,\"name\":\"Ev\u00e4steiden k\u00e4ytt\u00f6ehdot\"}]},{\"@type\":\"WebSite\",\"@id\":\"https:\/\/www.koirapuoti.com\/puoti\/#website\",\"url\":\"https:\/\/www.koirapuoti.com\/puoti\/\",\"name\":\"Koirapuoti.com\",\"description\":\"Koira gps pannat, pihavahdit, haukunestopannat, koulutuspannat\",\"publisher\":{\"@id\":\"https:\/\/www.koirapuoti.com\/puoti\/#organization\"},\"potentialAction\":[{\"@type\":\"SearchAction\",\"target\":{\"@type\":\"EntryPoint\",\"urlTemplate\":\"https:\/\/www.koirapuoti.com\/puoti\/?s={search_term_string}\"},\"query-input\":{\"@type\":\"PropertyValueSpecification\",\"valueRequired\":true,\"valueName\":\"search_term_string\"}}],\"inLanguage\":\"fi\"},{\"@type\":\"Organization\",\"@id\":\"https:\/\/www.koirapuoti.com\/puoti\/#organization\",\"name\":\"Koirapuoti.com\",\"url\":\"https:\/\/www.koirapuoti.com\/puoti\/\",\"logo\":{\"@type\":\"ImageObject\",\"inLanguage\":\"fi\",\"@id\":\"https:\/\/www.koirapuoti.com\/puoti\/#\/schema\/logo\/image\/\",\"url\":\"https:\/\/www.koirapuoti.com\/puoti\/wp-content\/uploads\/2023\/03\/cropped-koirapuoti-logo-v.png\",\"contentUrl\":\"https:\/\/www.koirapuoti.com\/puoti\/wp-content\/uploads\/2023\/03\/cropped-koirapuoti-logo-v.png\",\"width\":513,\"height\":121,\"caption\":\"Koirapuoti.com\"},\"image\":{\"@id\":\"https:\/\/www.koirapuoti.com\/puoti\/#\/schema\/logo\/image\/\"}}]}<\/script>\n<!-- \/ Yoast SEO plugin. -->","yoast_head_json":{"title":"Ev\u00e4steiden k\u00e4ytt\u00f6ehdot - Koirapuoti.com","robots":{"index":"index","follow":"follow","max-snippet":"max-snippet:-1","max-image-preview":"max-image-preview:large","max-video-preview":"max-video-preview:-1"},"canonical":"https:\/\/www.koirapuoti.com\/puoti\/evasteiden-kayttoehdot\/","og_locale":"fi_FI","og_type":"article","og_title":"Ev\u00e4steiden k\u00e4ytt\u00f6ehdot - Koirapuoti.com","og_description":"Koirapuoti.com k\u00e4ytt\u00e4\u00e4 verkkosivustollaan ev\u00e4steit\u00e4 (engl. &#8221;cookies&#8221;). Ev\u00e4ste on pieni tekstitiedosto, joka tallennetaan verkkosivuston k\u00e4ytt\u00e4j\u00e4n laitteelle. Ev\u00e4steet eiv\u00e4t vaaranna k\u00e4ytt\u00e4j\u00e4n tietokonetta tai \u00e4lylaitetta. Ev\u00e4steiden k\u00e4yt\u00f6st\u00e4 ilmoitetaan verkkosivustolla sen alareunassa heti sivustolle saavuttaessa. Ev\u00e4steiden tarkoituksena on helpottaa k\u00e4ytt\u00e4j\u00e4n liikkumista verkkosivustolla, tarjota henkil\u00f6kohtaisempi k\u00e4ytt\u00f6kokemus, nopeuttaa sivuston k\u00e4ytt\u00f6\u00e4 sek\u00e4 ker\u00e4t\u00e4 tilastotietoja verkkosivuston liikenteest\u00e4. T\u00e4m\u00e4 tieto auttaa meit\u00e4 pit\u00e4m\u00e4\u00e4n verkkosivustomme [&hellip;]","og_url":"https:\/\/www.koirapuoti.com\/puoti\/evasteiden-kayttoehdot\/","og_site_name":"Koirapuoti.com","twitter_card":"summary_large_image","twitter_misc":{"Arvioitu lukuaika":"3 minuuttia"},"schema":{"@context":"https:\/\/schema.org","@graph":[{"@type":"WebPage","@id":"https:\/\/www.koirapuoti.com\/puoti\/evasteiden-kayttoehdot\/","url":"https:\/\/www.koirapuoti.com\/puoti\/evasteiden-kayttoehdot\/","name":"Ev\u00e4steiden k\u00e4ytt\u00f6ehdot - Koirapuoti.com","isPartOf":{"@id":"https:\/\/www.koirapuoti.com\/puoti\/#website"},"datePublished":"2024-12-09T11:07:03+00:00","dateModified":"2024-12-09T11:07:03+00:00","breadcrumb":{"@id":"https:\/\/www.koirapuoti.com\/puoti\/evasteiden-kayttoehdot\/#breadcrumb"},"inLanguage":"fi","potentialAction":[{"@type":"ReadAction","target":["https:\/\/www.koirapuoti.com\/puoti\/evasteiden-kayttoehdot\/"]}]},{"@type":"BreadcrumbList","@id":"https:\/\/www.koirapuoti.com\/puoti\/evasteiden-kayttoehdot\/#breadcrumb","itemListElement":[{"@type":"ListItem","position":1,"name":"Home","item":"https:\/\/www.koirapuoti.com\/puoti\/"},{"@type":"ListItem","position":2,"name":"Ev\u00e4steiden k\u00e4ytt\u00f6ehdot"}]},{"@type":"WebSite","@id":"https:\/\/www.koirapuoti.com\/puoti\/#website","url":"https:\/\/www.koirapuoti.com\/puoti\/","name":"Koirapuoti.com","description":"Koira gps pannat, pihavahdit, haukunestopannat, koulutuspannat","publisher":{"@id":"https:\/\/www.koirapuoti.com\/puoti\/#organization"},"potentialAction":[{"@type":"SearchAction","target":{"@type":"EntryPoint","urlTemplate":"https:\/\/www.koirapuoti.com\/puoti\/?s={search_term_string}"},"query-input":{"@type":"PropertyValueSpecification","valueRequired":true,"valueName":"search_term_string"}}],"inLanguage":"fi"},{"@type":"Organization","@id":"https:\/\/www.koirapuoti.com\/puoti\/#organization","name":"Koirapuoti.com","url":"https:\/\/www.koirapuoti.com\/puoti\/","logo":{"@type":"ImageObject","inLanguage":"fi","@id":"https:\/\/www.koirapuoti.com\/puoti\/#\/schema\/logo\/image\/","url":"https:\/\/www.koirapuoti.com\/puoti\/wp-content\/uploads\/2023\/03\/cropped-koirapuoti-logo-v.png","contentUrl":"https:\/\/www.koirapuoti.com\/puoti\/wp-content\/uploads\/2023\/03\/cropped-koirapuoti-logo-v.png","width":513,"height":121,"caption":"Koirapuoti.com"},"image":{"@id":"https:\/\/www.koirapuoti.com\/puoti\/#\/schema\/logo\/image\/"}}]}},"_links":{"self":[{"href":"https:\/\/www.koirapuoti.com\/puoti\/wp-json\/wp\/v2\/pages\/877"}],"collection":[{"href":"https:\/\/www.koirapuoti.com\/puoti\/wp-json\/wp\/v2\/pages"}],"about":[{"href":"https:\/\/www.koirapuoti.com\/puoti\/wp-json\/wp\/v2\/types\/page"}],"author":[{"embeddable":true,"href":"https:\/\/www.koirapuoti.com\/puoti\/wp-json\/wp\/v2\/users\/1"}],"replies":[{"embeddable":true,"href":"https:\/\/www.koirapuoti.com\/puoti\/wp-json\/wp\/v2\/comments?post=877"}],"version-history":[{"count":1,"href":"https:\/\/www.koirapuoti.com\/puoti\/wp-json\/wp\/v2\/pages\/877\/revisions"}],"predecessor-version":[{"id":878,"href":"https:\/\/www.koirapuoti.com\/puoti\/wp-json\/wp\/v2\/pages\/877\/revisions\/878"}],"wp:attachment":[{"href":"https:\/\/www.koirapuoti.com\/puoti\/wp-json\/wp\/v2\/media?parent=877"}],"curies":[{"name":"wp","href":"https:\/\/api.w.org\/{rel}","templated":true}]}}